6
Suppose 3*b = 4*p - 403, 9*b - 4*b = -25. Let f = -64 + p. What is the tens digit of f?
3
Let k be (-1563)/(-2) + (-27)/(-18). Suppose o - 2*c - 326 = -80, -3*o - 3*c + k = 0. What is the hundreds digit of o?
2
What is the units digit of -22*(-9)/18*(14 - 2)?
2
Let u(j) = 5*j**2 + 45*j - 12. What is the tens digit of u(-16)?
4
Suppose -12*h + 13*h + 3*f - 238 = 0, 5*f - 234 = -h. What is the tens digit of h?
4
Let n be 11/9 - 1 - (-160)/9. Let q = n - 13. What is the units digit of q?
5
Let s(b) = 15*b**2 - 4*b + 6. Let p be s(2). Let h be 1/(-3)*(93 + 0). Let w = p + h. What is the units digit of w?
7
Let r(c) = 4*c**3 + 4*c**2 - 4*c - 10. Let a be r(-3). Let j = a + 106. What is the units digit of j?
6
Let b(y) be the third derivative of 7*y**4/4 + y**3 - 7*y**2. Let z be b(2). Suppose -5*i = -35 - z. What is the units digit of i?
5
Let w be (4/(-3))/(16/(-36)). Let k be 1470/8 + w/12. Suppose -5*t + t = -k. What is the units digit of t?
6
Suppose 4*x - v - 4988 = -5*v, 2490 = 2*x - 2*v. What is the thousands digit of x?
1
Let u(k) = -9*k**3 + 4*k**3 + 7*k**3 + 6 - 6*k + 2*k**3. What is the units digit of u(3)?
6
Let o = -132 + 282. What is the units digit of o?
0
Suppose -p - 56 = -2*s, 4*s - 84 = -3*p - 282. Let v = p + 151. What is the tens digit of v?
8
Let r = -11 - 6. Let x = 48 + -15. Let c = x + r. What is the tens digit of c?
1
Let c(k) = -27*k - 49. What is the hundreds digit of c(-12)?
2
Suppose -5*i = -5 - 5. Suppose 4*d = 4*h + 36, 3*d - i*d + h = 19. Let x = d + 5. What is the tens digit of x?
1
Suppose x = -g + 15, -3*g - 6 = -2*x - 76. Suppose -2*y + y - 2 = 0, w - g = 3*y. What is the tens digit of w?
1
Let q(g) = 8*g - 4. Let t(i) = i + 26. Let b be t(-18). What is the units digit of q(b)?
0
Let f be -6 + ((-6)/(-3))/1. Let o be (-258)/f - 5/(-10). Suppose -3*p + 5 = 2*z - 9, -5*p + o = -5*z. What is the units digit of p?
8
Let b = 13 - 7. Let o = -3 - b. What is the tens digit of (540/(-5))/(o/6)?
7
Suppose -12 = -z - 8. Let i be ((-5)/(-2))/(2/z). Suppose r - 1 = 0, 28 = k + i*r - 7. What is the tens digit of k?
3
Suppose 3*c = -3*q + 102, 3*c = -q - 19 + 125. Suppose -4*p - c = -13*p. What is the units digit of p?
4
Let x(h) = h**2 - 8*h - 7. Let j be (0 - (2 + -8)) + 3. Let g be x(j). Suppose -6*i + 2*i - 112 = -2*a, 5*i - 121 = -g*a. What is the units digit of a?
8
Suppose 29*j + 95 = 30*j. What is the units digit of j?
5
Let u(r) = 19 - 10*r - 1 + 11*r + 0*r**2 - r**2. What is the units digit of u(0)?
8
Let c(y) = 2*y - 1. Let g be c(3). Suppose n = g*o - 0 - 19, -o = 3*n - 7. What is the tens digit of 57 + -4*o/(-8)?
5
What is the tens digit of (-8 - -11)/6 + 11378/4?
4
Let z(p) = 2*p + 30. Let x be z(-12). What is the units digit of 1*(-3)/x*-38?
9
Let m(a) = -a**2 - 8*a + 17. Let n be m(-7). What is the tens digit of 3*(-4)/n*-204?
0
Let s = 385 - -159. What is the hundreds digit of s?
5
Let h = -16 + 20. Suppose -3 = m + 2, h*k - 3*m - 7 = 0. What is the units digit of ((-20)/k)/((-4)/(-12))?
0
Let y(h) = -h**3 + 17*h**2 - 36*h - 10. What is the tens digit of y(9)?
1
Suppose 15*f + f - 5408 = 0. What is the hundreds digit of f?
3
Suppose 3*i - 3*t = -2*i - 990, 4*i + 2*t + 792 = 0. Let p = -106 - i. What is the units digit of p?
2
Suppose 1832 = 3*h - 1708. What is the units digit of h?
0
Suppose 4*y - 13 = 3. Let s(t) = t**3 - 5*t**2 + 3*t + 6. Let b be s(y). Suppose 4*z - 4*a - 18 = a, a = b*z - 12. What is the units digit of z?
7
Suppose 0 = 15*c - 18*c + 1218. What is the units digit of c?
6
Let t = -605 - -863. Let m = 446 - t. What is the tens digit of m?
8
Let i(k) = -8*k**3 + 3*k**2 + k + 8. Let x(a) = 2*a - 2*a - 4*a**2 - a + 7*a**3 - 8. Let o(b) = -6*i(b) - 7*x(b). What is the units digit of o(10)?
8
Let b(v) = 7*v**2 - v - 6. Let j(m) = 4*m**2 - 3. Let k(y) = 3*b(y) - 5*j(y). What is the tens digit of k(-8)?
8
Let q(s) = -s**3 - 6*s**2 + 7*s + 4. Let t be q(-7). Let j be (-18)/t - 1/(-2). Let g = j - -19. What is the tens digit of g?
1
Let q(s) = -47*s. Let b be (-15)/(-10)*2 + -4. What is the tens digit of q(b)?
4
Suppose 38*l - 100 = 36*l. What is the units digit of ((-360)/(-100))/(4/l)?
5
Let j(q) = -2*q**2 - 2*q. Let u be j(3). Let n be (30/u)/((-1)/24). Suppose 0*l = -l + n. What is the units digit of l?
0
Let s(d) = -d**3 - 6*d**2 - 19*d - 28. Let k(x) = x**3 + 21*x**2 - 46*x - 8. Let r be k(-23). What is the units digit of s(r)?
2
Suppose 4*d = 120 - 12. Let a be (-1 - 1) + 27 - 1. Suppose y - d = a. What is the tens digit of y?
5
Let g = 11 - 5. Let s(w) = 2*w + 7. Let o(h) = -h - 7. Let y(u) = 6*o(u) + 5*s(u). What is the units digit of y(g)?
7
Suppose 12 = 3*l - 2*l. Let o = 32 - l. Let y(v) = -v**2 + 25*v - 29. What is the units digit of y(o)?
1
What is the units digit of 1278 + (12/10)/((-12)/40)?
4
Let r = 1567 - 1046. What is the units digit of r?
1
Let b(m) = m - 1. Suppose -5*p + 8 = -7. Let x be (4/p)/(20/30). What is the units digit of b(x)?
1
Suppose s = 5*a + 4133, -71*a = s - 66*a - 4183. What is the tens digit of s?
5
Suppose -2*x + 0*x + 2*g = 66, -2*x - 58 = -4*g. Let h = x - -53. What is the tens digit of h?
1
Let c = 826 - -112. What is the units digit of c?
8
Let g = -4346 + 6387. What is the thousands digit of g?
2
Let i(x) = 2*x**2 - 8*x - 3. Let a be i(7). Suppose 0 = -2*b, -4*y + b - a = -231. What is the units digit of y?
8
Suppose -3*g - 4*r = 40, 44 = -6*g + 2*g + 4*r. Let y(w) = -9*w - 11. What is the tens digit of y(g)?
9
Let q(n) = 68*n - 122. What is the hundreds digit of q(7)?
3
Suppose -w + j - 3 = -5, 2*j + 4 = 4*w. Suppose -g - 2*v - 4 = w, -6*v = 5*g - 4*v - 4. Let t = 26 + g. What is the tens digit of t?
2
Let u(g) = g - 2. Let b be u(2). Suppose -45 = -b*v - 3*v. What is the units digit of (v/(-5))/((-3)/2)?
2
Suppose 5 = 3*j - 10. Suppose -l - 3*l - 3*g = -363, j*g + 15 = 0. Let t = l - 66. What is the units digit of t?
7
Let x be 4248/54*((-30)/4 + 0). What is the units digit of 2/15 + x/(-75)?
8
Suppose -11*d + 6168 = -8308. What is the thousands digit of d?
1
Suppose 0 = -4*p - 5*x + 174, -3*p + 10*x + 148 = 5*x. Let y = 148 - p. What is the hundreds digit of y?
1
Suppose -5*y + 787 = 157. What is the tens digit of y?
2
Let n(q) = -6*q - 4 + 4*q - 6 + 4*q. Let c be n(5). Suppose 2*w - 46 = 2*p, w + c*w = 2*p + 28. What is the tens digit of w?
1
Let f = 220 + -106. What is the hundreds digit of f?
1
Let q = -12 + 18. Suppose -3*y + y + q = 0. What is the units digit of y?
3
Let z(k) = -2*k**3 - 11*k**2 - 63*k - 20. What is the thousands digit of z(-9)?
1
Let o(b) = -b**3 - 5*b**2 - 5*b. Let i be o(-4). Suppose 2*d - i*d = 30. Let m(x) = -2*x. What is the units digit of m(d)?
0
Suppose 120*l - 138*l = -43164. What is the units digit of l?
8
Suppose -230*g = -226*g - 23912. What is the hundreds digit of g?
9
Suppose -14*s + 7*s + 1316 = 0. What is the units digit of s?
8
Suppose -18 = -5*w + 7, -2809 = -4*q + 3*w. What is the tens digit of q?
0
Let t = 22 + -26. What is the tens digit of (-22)/t*(9 + -5)?
2
Let i(w) = w**3 + 2*w**2 - 10*w - 102. What is the hundreds digit of i(14)?
8
Suppose -2*a - 4964 = -h, 0 = -3*a + 2*h - 7*h - 7420. What is the tens digit of a/(-18) + (94/18 - 5)?
3
Let p(n) = n + 1. Suppose 4*d - 3*i = 16, -2*d + 3*i = -4*d + 26. Let y = d + 4. What is the units digit of p(y)?
2
Let l(k) = 13*k**3 + k**2 - 5*k - 32. Let j(f) = -3*f**3 + f + 8. Let d(o) = 9*j(o) + 2*l(o). What is the tens digit of d(-4)?
0
Let r(k) = -k**3 + 13*k**2 + 12*k + 33. Let v be r(14). Suppose -v*z = n - 2*z - 159, -2*z = 2*n - 298. What is the tens digit of n?
4
Suppose 57546 = -17*c + 63*c. What is the thousands digit of c?
1
Let y = 39 - 11. Suppose 3*r + y = 526. What is the units digit of r?
6
Suppose 6*s - s = 0, -3*l + 5*s - 9 = 0. Suppose -6*w + 5 = -h - 3*w, 2*h - 3*w + 13 = 0. What is the units digit of (l/6 - 1)*h?
2
Let j(k) = 6*k**2 - 1. Let p be j(-2). Suppose -p = -h - 83. Let w = -31 - h. What is the units digit of w?
9
Let m(f) = -f**2 + 6. Let u be m(0). Suppose 11*k + 15 = 16*k. Let x = u - k. What is the units digit of x?
3
What is the units digit of (-980946)/(-288) - (-2)/(-32)?
6
Let p = -67 - -71. Suppose -p*j - 4*j = -2440. What is the tens digit of j?
0
Let j(w) = 19*w + 19. Let q be 7 + (13/(-26))/(2/4). What is the units digi